. Let v(a) = -a**2 - 7*a - 11. Let n be v(j). Let l(r) = -8*r + 1. Give l(n).
9
Let u(d) = d**2 + 2*d - 1. Let p be 3 + 11/(22/12). Suppose p*w = 4*w. Suppose w = 2*h - 4*h - 6. Determine u(h).
2
Let f(b) = 4*b**2 + 16*b + b**3 - 18*b - 2 - 8*b**2 - 3*b. Let q = -5 + 10. What is f(q)?
-2
Suppose -16*x + 24 = -12*x. Suppose -5*f = -3*f - x. Let a(d) = 0*d - f + 1 + d + 3. Determine a(3).
4
Let w be ((-15)/(-2))/(207/(-276)). Let t(o) = -o**3 - 9*o**2 + 9*o + 1. Calculate t(w).
11
Let s(x) = -x. Suppose -i - 4 = -2*i. Suppose -3*b + 4*o = -6, 2*o = -2*b + 4*o + i. Let j be (-1)/7 + b/14. Calculate s(j).
0
Let g(p) = -p**3 - 4*p**2 + 2*p. Let f(v) = -v - 1. Let n(c) = 3*f(c) + g(c). Suppose -3*j - 64 = -4*u - j, -5*u + 5*j = -70. Let l = u - 22. Determine n(l).
1
Let b(u) = u**3 + 6*u**2 - u - 2. Let x be 4/6*12/8. Let n = x - 7. Calculate b(n).
4
Let z(u) = -4*u - 11 + 3*u + 12 - 7. Determine z(0).
-6
Let o(f) = 7*f. Let y(a) = 17*a - 6. Let t(p) = 4*o(p) - y(p). Give t(0).
6
Let n(a) = 2*a - 19. Let o(i) = -2*i + 18. Let p(z) = 5*n(z) + 6*o(z). Let w be p(6). Let j(f) = f**2 - f - 1. Calculate j(w).
-1
Let k(p) be the first derivative of p**2 + 4*p - 249. Give k(-5).
-6
Let q be (-60)/18 - 1/(-3). Let d = -66 + 69. Let y(c) = -9*c**2 + 1 - 10*c**2 - c**3 - 5*c + d*c + 16*c**2. Determine y(q).
7
Let d(m) be the second derivative of m**7/1260 - m**6/720 - m**5/60 - 5*m**4/12 - 14*m. Let s(n) be the third derivative of d(n). Give s(3).
13
Let x(m) = m**2 + 7*m + 9. Let f be x(-6). Let k = 14 - 12. Let w be f + (1 + -2)*k. Let u(c) = 5*c**3. Give u(w).
5
Let u(x) = 6*x - x**3 - 34*x + 8*x - 7 + 10*x + 4*x - 8*x**2. Calculate u(-7).
-14
Let o(z) = -49*z**3 + z**2 - z + 1. Let w be o(1). Let b = w + 71. Suppose 12 = 7*k - b. Let l(a) = a**3 - 5*a**2 + 3*a - 5. Determine l(k).
10
Let i = 6 + -11. Let j(u) = -u**3 + 3*u**2 + 2*u + 1. Let k = -158 - -156. Let s(f) = 3*f**3 - 6*f**2 - 5*f - 2. Let d(g) = i*j(g) + k*s(g). Determine d(-2).
-5
Let i(d) = d**3 + 4*d**2 + 4*d + 2. Suppose -11 = 4*f + 1. What is i(f)?
-1
Let u(q) = 37*q**3 + 4*q**2 - 4*q + 4. Let o(h) = -37*h**3 - 5*h**2 + 5*h - 5. Let p(v) = -4*o(v) - 5*u(v). Calculate p(1).
-37
Let w(p) = 3*p**2 - 3*p + 3. Let n(t) = -2*t**2 - t + 1. Let i be n(2). Let b be (2 + -1)*1 + (2 - 14). Let f = i - b. Give w(f).
9
Let g(t) be the third derivative of -5*t**4/24 + 2*t**3/3 - 10*t**2. Let c(k) = -9*k + 7. Let n(u) = -4*c(u) + 7*g(u). Determine n(6).
6
Let u be 0 + (0 - 0/(-4)). Let x be u - (-3 - (-84)/(-3)). Let k(t) = -39 + x + 0*t - t. Determine k(-6).
-2
Let i(n) = 2*n**2 - n - 12. Let m be (121/22 + -3*1)*-2. Determine i(m).
43
Let s be ((-19)/2 + 10)*(0 - 0). Let w(p) be the second derivative of 1/6*p**3 + 5*p + s + p**2 + 1/12*p**4. Determine w(-2).
4
Let d(i) = i**3 - 7*i**2 - 2*i + 10. Suppose -84 = 24*h - 252. Calculate d(h).
-4
Let l(b) be the first derivative of b**5/60 - b**4/24 - b**3 + 5*b**2 + 12. Let x(p) be the second derivative of l(p). What is x(0)?
-6
Let z(i) = -3*i - 6. Suppose -3 + 4 = 4*r - 5*k, -2*k = 2*r + 22. Give z(r).
12
Let d(z) = -z**3 - 3*z**2 + 2*z. Let f be 77/(-22)*12/(-21). Give d(f).
-16
Let b(q) = -778*q + q**2 + 9 + 774*q - 4. What is b(5)?
10
Let h(d) = d**2 - d + 15. Let m(o) = 9*o + 72. Let g be m(-8). Give h(g).
15
Let x(v) be the second derivative of 0 - 7*v + 1/120*v**5 + 3/2*v**3 + 1/12*v**4 + 0*v**2. Let r(l) be the second derivative of x(l). Calculate r(6).
8
Let p(s) be the second derivative of -s**4/24 - s**3/6 + 11*s**2/2 + s. Let z(i) be the first derivative of p(i). What is z(-4)?
3
Suppose -56*z + 13 + 8 = -77*z. Let t = 5 - 3. Let c(d) = 16*d**2 - 1 - d + d - t*d. Give c(z).
17
Let f(l) = -l**3 - 4*l**2 + 6*l + 6. Let u be 3/((210/50)/(-7)). What is f(u)?
1
Let g(a) be the first derivative of a**5/20 - a**4/2 - a**3/3 + 3*a**2 + 14*a - 15. Let x(m) be the first derivative of g(m). Give x(6).
-6
Let b be (-18 - -14)*(-1)/4. Let x(z) = 4 + 1 - 8*z**3 - 4 - 2*z**2. Calculate x(b).
-9
Let b(n) = -2*n - 21. Let s(t) = -2*t - 27. Let d(u) = -3*b(u) + 2*s(u). Let x(a) = a**2 + 5*a - 7. Let f be x(-5). Calculate d(f).
-5
Suppose 0 = -34*b + 28*b. Let a(q) = -q + 13. Determine a(b).
13
Suppose 0 = 4*d + 5*j - 33, -j + 3 = -2. Let t(k) be the first derivative of k**4/2 - 4*k**3/3 + 2*k**2 - 2*k + 10. Give t(d).
6
Let j(y) = 10*y. Let n be ((-6)/4)/((-27)/468). Let a(i) = -4*i - 3*i + i**3 - 32*i**2 + n*i**2 + 6*i + 7. Let d be a(6). Determine j(d).
10
Suppose -3 = -2*k + 3. Let j = -32 + 37. Let b(a) = -4*a + 3 + j*a - 3*a + a. Calculate b(k).
0
Let j(g) = 19*g**2 + 507*g - 8 - 507*g - 7*g**2 - g**3. What is j(12)?
-8
Let r(f) = -2*f - 2. Let n be (1 - -4 - 2)*1. Give r(n).
-8
Let m(h) = 3*h + 38. Let a be m(-13). Let u(n) = -5*n - 3. Determine u(a).
2
Let i(a) = -a**3 - 22*a**2 - 22*a - 29. Suppose 35*m + 420 = 15*m. Determine i(m).
-8
Let c(f) be the first derivative of -f**2/2 - 4*f + 237. Determine c(8).
-12
Let q(l) = -9*l - 7. Let o(n) = 1. Let g(t) = -2*t + 6. Let p(m) = g(m) - 6*o(m). Let r(v) = 5*p(v) - q(v). What is r(0)?
7
Let d(j) = j**3 + j**2 - 31*j. Let q be d(-6). Let n(x) = 2*x + 3. What is n(q)?
15
Let t be (76/(-8) - -9)/((-1)/(-12)). Let w(a) = -5*a - 32. Give w(t).
-2
Let s = -145 - -147. Let b = 2 - -1. Let w(z) = -z**2 - z**3 + b*z + 2*z**2 + z + s*z**2. Calculate w(4).
0
Let i(b) be the second derivative of -10*b + 1/12*b**4 - 1/20*b**5 - 7/2*b**2 - 1/6*b**3 + 0. Give i(0).
-7
Let y be (-4)/9*(-5 + (-1)/(-2)). Let l(p) = -p - y*p - p + 3*p. Calculate l(-7).
7
Let u(r) be the third derivative of r**4/24 + 7*r**3/6 - 9*r**2. Let c be u(-5). Let i(w) = -47*w**2 - 5*w + 25*w**2 + 21*w**c. Determine i(-4).
4
Let l(d) = 6*d + 27. Let k(t) = 13*t + 68. Let p(b) = -2*k(b) + 5*l(b). Suppose -2*h - h + 6 = 0. Give p(h).
7
Let b(z) = 5*z**3 + 30*z**2 - 40*z - 34. Let q be b(-7). Let u(l) be the third derivative of l**5/10 + 2*l**2. Determine u(q).
6
Let d(j) = -j**2 + 3*j + 7. Suppose t + t - 22 = 4*x, 3*x = 5*t - 34. Suppose -45 = -4*n - 0*o - 5*o, o = -t*n + 30. Give d(n).
-3
Let f(n) be the second derivative of 7/2*n**2 + 1/6*n**3 + 0 + 18*n. Let v = 2 + -5. Calculate f(v).
4
Let a = -67 + 40. Let t = a + 35. Let d(l) = l**3 - 8*l**2 - l + 1. Give d(t).
-7
Let w(k) = 3*k + 2 - 5 + 4 - 2*k. Calculate w(-5).
-4
Let z(u) be the second derivative of -2*u**3/3 + 3*u**2/2 + 10*u. Let m(s) = 8*s - 6. Let n(f) = 3*m(f) + 5*z(f). Determine n(4).
13
Let a(t) = -t - 1. Let u(s) = s**2 - 5. Let z(n) = -3*a(n) + u(n). Let x be 4/(-18) + ((-725)/45)/(-5). What is z(x)?
16
Let p(s) = 6*s - 2. Let q(r) = 11*r - 4. Let b(i) = -3*i + 37. Let h be b(11). Let m(t) = h*q(t) - 7*p(t). What is m(-3)?
-8
Let p(f) = -f - 26. Let d(h) = 47*h - 345. Let c be d(7). What is p(c)?
-10
Let j(y) = -3*y + 27. Let z be 1*(-120)/(-50)*(-10)/(-3). Calculate j(z).
3
Let z(g) = g**3 - 39 + 28 - 10*g - 10*g**2 + 3*g**2. Calculate z(8).
-27
Let w = 21 - 19. Suppose -z = -l - w*l - 6, -4*l - 4 = 0. Let h(o) = -o + 1 + 3*o**2 + 39*o**z + 0 - 38*o**3. What is h(-3)?
4
Suppose 0 = -b + f - 20, -5*f + 83 = -4*b - 2*f. Let z(r) = 5*r + 121. Give z(b).
6
Suppose 15*d - 19*d + t + 10 = 0, 17 = 3*d + 4*t. Let g(a) = -2*a**2 + a - 8. What is g(d)?
-23
Let n(q) = q**2 + 16*q - 9. Suppose y + 18 = -u - 0, -3*u = -5*y - 82. What is n(y)?
8
Let i(k) = -k - 9. Suppose a - x = 3 - 7, 5*x = -5. Let t be i(a). Let v(l) = -l**2 - 3*l + 5. Calculate v(t).
1
Let w(s) = s + 6. Let u = -49 + 70. Suppose -5*v + u = -8*v. What is w(v)?
-1
Let n = 137 + -137. Let k(l) be the third derivative of n*l + 0 + 2/3*l**3 - 1/60*l**5 - 1/12*l**4 - 2*l**2. Determine k(-4).
-4
Let v(w) = -7*w - 440. Let p(n) = -146. Let z(c) = 7*p(c) - 2*v(c). What is z(10)?
-2
Let k(v) = 6*v**2 + 2*v - 1. Let d(c) be the first derivative of c**3/3 - 3*c + 12. Let r be d(-2). Give k(r).
7
Let r = 34 - 16. Let w be r/(-4) + (-12)/(-8). Let t(z) = -5*z + 1. Let c(y) = -6*y. Let j(v) = -6*c(v) + 7*t(v). Calculate j(w).
4
Let y(t) = -t**3 + 3*t**2 - 4*t - 2. Let w(h) = 2*h**3 - 7*h**2 + 9*h + 3. Let g(q) = 3*w(q) + 5*y(q). What is g(5)?
9
Let p(n) = 62*n + 2 + 16*n - 81*n. Determine p(-3).
11
Suppose x - 15 = 2*x. Let m be -3*(x/9)/(-1). Let j(f) = -2*f - 3. Give j(m).
7
Let x(c) = 410*c + 17 - 203*c - 200*c. Calculate x(-5).
-18
L